 - 446/(-8).
2, 7
Let f be -1557*3/(-18)*(-16)/(-6). List the prime factors of (-37 + 34)*f/(-6).
2, 173
Let s = -27 + 31. Suppose s*d - 39 = 393. Suppose i = d - 1. List the prime factors of i.
107
Let z = 216 + -216. List the prime factors of (4 + 44/(-12))*(z - -69).
23
Let p(m) = 1174*m - 49. Let b be p(9). Suppose -8*w - b = -21*w. What are the prime factors of w?
809
Let r be (-10)/12 - 24343/(-66). Let o = r + 120. What are the prime factors of o?
2, 61
Let y(s) = 15868*s**2 + 25*s - 9. List the prime factors of y(1).
2, 11, 19
What are the prime factors of ((-3922)/(-222))/(2/666)?
3, 37, 53
Let l = 51 + 3709. List the prime factors of l.
2, 5, 47
Let l(p) = 77*p**2 + 1. Let g be l(-1). Suppose 7*o = 9*o - 4. Suppose o*n - g = 18. List the prime factors of n.
2, 3
Suppose -5*m = -3*n - 348, -4*m = 5*n - 363 + 129. What are the prime factors of m?
2, 3, 11
What are the prime factors of (54/81*(-402)/4)/((-2)/170)?
5, 17, 67
Let a be (2520/189)/(1/(-3)). Let z = 280 + a. List the prime factors of z.
2, 3, 5
Suppose -146*z = -18*z - 287488. List the prime factors of z.
2, 1123
Let j = 102 - 94. Let o be ((-70)/40)/((-1)/j). Suppose -2*i - 1164 = -o*i. What are the prime factors of i?
97
Let c(t) = -2*t**3 - 147*t**2 - 140*t - 22. What are the prime factors of c(-74)?
2, 7907
Let t(g) = g**3 + 2*g**2 - 3*g + 3. Let v be t(-3). Suppose -5*w - 18 = -2*c - 0*w, -v*w - 15 = 3*c. Let j(z) = -25*z - 2. What are the prime factors of j(c)?
23
Let d be 0/(-24) - 114/(-2). Let u = d + -54. Suppose 0*v - v = 5*m - 115, 3*v + u*m = 405. List the prime factors of v.
2, 5, 7
Suppose -18*r = -2505 - 7989. Suppose -b - 10*b = -r. List the prime factors of b.
53
Suppose -5*f - 194 = -4*n, 2*n - 121 + 25 = 2*f. Let i = n + 145. List the prime factors of i.
191
Let s(n) = -2*n - 51. Let y(l) = 2*l - 2. Let m(d) = -2*s(d) + 14*y(d). What are the prime factors of m(4)?
2, 101
Suppose -16*t = 207 + 705. Let p = -113 - -239. Let b = p + t. List the prime factors of b.
3, 23
Suppose 5*m + 5*k = 90, 4*m + 3*k - 72 = -2*k. Suppose -5*u + 3*j + 238 = 0, 84 = u + 4*j + m. Suppose 49*p + 110 = u*p. List the prime factors of p.
2, 5, 11
Let u be (-4336408)/684 - (0 + 2/9). What are the prime factors of -2 + 16/6 + u/(-30)?
2, 53
Let z be 9/(-1) + -2 + 2 + 0. Let n be 0/((-5 - z) + 0). Suppose 2*b + 5*o = 228, -2*b + 0*b - 3*o + 228 = n. What are the prime factors of b?
2, 3, 19
Let b(i) = 4*i**3 - 58*i**2 + 30*i - 1302. List the prime factors of b(28).
2, 3, 7, 997
Let b(v) = -5*v - 43. Let n be b(-10). Suppose -n*c = -4*c - 1080. List the prime factors of c.
2, 3, 5
Let c = -29838 - -74311. What are the prime factors of c?
11, 13, 311
Suppose 5*r = -1 - 9. Let t(b) = -b**2 + 2*b. Let k be t(r). Let y = 14 + k. What are the prime factors of y?
2, 3
Let w = 6326 - 1630. What are the prime factors of w?
2, 587
Let n be (-18128)/(-9) - (-12)/(-54). Let f = -1238 + n. What are the prime factors of f?
2, 97
Suppose 986535 = 24*k - 1076793. List the prime factors of k.
2, 21493
Suppose 2755*y - 2737*y - 253134 = 0. List the prime factors of y.
7, 41
What are the prime factors of -1 + (15 - -3900) + -16?
2, 1949
Let x be -9*((-4 - -3) + 0). Let b = 14 - x. Suppose -23 = -b*o + 52. List the prime factors of o.
3, 5
Suppose 55*w + 1368 = 49*w. Let n(h) = -6*h**3 - 2*h + 5. Let r be n(-4). Let z = w + r. List the prime factors of z.
13
Let f = 33552 + -1686. List the prime factors of f.
2, 3, 47, 113
Let p = 49 - 53. What are the prime factors of (3*p/(-30))/(10/15950)?
2, 11, 29
Let v(h) be the third derivative of h**6/120 + 7*h**5/20 - h**4/4 - 16*h**3/3 - 9*h**2. Let y = 54 + -75. What are the prime factors of v(y)?
2, 47
Let h = 22933 + -8207. List the prime factors of h.
2, 37, 199
Let h be (-3076)/(-5) + 2/(-35)*-14. Let r = h - 372. List the prime factors of r.
2, 61
Let a = 46 + -46. Suppose a = -2*d + 4*d - 5*u - 761, -3*d + 1194 = 3*u. What are the prime factors of d?
3, 131
Let l be (-166)/(-10) + 34/85. Suppose l*u - 16*u = 362. Suppose -94 = 4*f - u. What are the prime factors of f?
67
Let j(p) = -209*p + 7. Let z = 330 + -331. List the prime factors of j(z).
2, 3
Let d(w) = w**2 - 30*w + 52. Let u = -265 - -298. What are the prime factors of d(u)?
151
Let c = 82 - 74. Suppose -c*j - 1332 = -4*j. Let v = -155 - j. What are the prime factors of v?
2, 89
Let p(w) be the second derivative of w**3 + 33*w**2/2 - 2*w. Let h(x) = -51*x - 144. Let r be h(-3). List the prime factors of p(r).
3, 29
Let q = -29 - -29. Suppose -5*z + 7*z - 108 = q. Let n = 223 - z. What are the prime factors of n?
13
Let i(s) = -s**3 - 8*s**2 - 9*s - 5. Let h = -12 - -39. Let r = h + -35. List the prime factors of i(r).
67
Suppose -5*b = 5*l - 3 - 7, 5*l + 4 = 2*b. Let f(t) = 76*t**2 - 2*t + 2. List the prime factors of f(b).
2, 151
Suppose 616*x + 540 = 610*x. What are the prime factors of (-12)/x + 36026/30?
1201
Suppose 1355 = -5*r - 4*h, -5*h = -2*r - h - 542. Let x = r + 304. What are the prime factors of x?
3, 11
Let s(i) = -i**3 - 17*i**2 + 4*i - 16. Let l = 33 + -20. Let h be s(l). List the prime factors of (-4)/18 + h/(-54).
3, 31
Suppose -10 = -m + 4. Let b = 27 + -47. Let u = m - b. What are the prime factors of u?
2, 17
Let k(o) = -o**3 - 39*o**2 + 85*o + 115. Let h be k(-41). What are the prime factors of 3/(h + 35581/4445)?
5, 127
Suppose -4*o + 2*u = -u + 100, 0 = -3*o - 7*u - 112. Let q(p) = p**3 - 3*p**2 + 6*p - 3. Let k be q(4). Let a = o + k. What are the prime factors of a?
3
Let f(g) be the third derivative of -9/2*g**3 - 1/4*g**4 + 0 + 0*g - 6*g**2. List the prime factors of f(-10).
3, 11
Let c = -20382 - -36940. List the prime factors of c.
2, 17, 487
Let w = 349 + 21010. What are the prime factors of w?
13, 31, 53
Let f(z) = 4*z**2 + 274*z - 407. List the prime factors of f(-85).
11, 43
Suppose 5*m = 2*m - 168. Let s = m + 61. Suppose 162 = 3*z - 5*y, -s*z + 246 - 13 = 4*y. List the prime factors of z.
7
Suppose -26*y = 18*y. Suppose -2*q = 4*m - 0*q - 604, 10 = -5*q. Suppose -5*u + u + 4*v = -656, y = -u + 4*v + m. What are the prime factors of u?
2, 3, 7
Let d = 38001 - 21838. List the prime factors of d.
7, 2309
Let k(x) = 726*x**2 + 7 + x + 2*x - 725*x**2. Let f = 4 + -14. What are the prime factors of k(f)?
7, 11
Let t = -227 - -269. Let m = 81 - t. What are the prime factors of m?
3, 13
Let l(f) = -29*f**2 + 14*f**2 + 1 + f**2 + 2*f. Let y(u) = 13*u**2 - u - 2. Let d(g) = 3*l(g) + 4*y(g). List the prime factors of d(-3).
79
Let r be (-2)/(-6) + -4 + (-94)/3. Let g = -102 - r. Let f = g + 111. What are the prime factors of f?
2, 11
Let h = 31947 - 10829. List the prime factors of h.
2, 10559
Let m = -54 - -56. Suppose -4*h + 388 = -2*j - 0*h, -m*j = -2*h + 396. Let a = j + 358. List the prime factors of a.
2, 3, 13
Let b = -615 + 904. Let j = b + -159. What are the prime factors of j?
2, 5, 13
Suppose -f - 5*i + 33392 = -12312, -f + 3*i = -45664. What are the prime factors of f?
17, 2687
Let m(d) = 3*d**3 - 71*d**2 + 49*d - 6. Let y be m(23). Suppose -50*k - 325 = -y*k. What are the prime factors of k?
5
Let z = -597 + 599. Let p be (66/(-7) - 0)*-7. Suppose z*s - o - p = 3*o, -s + 45 = -5*o. List the prime factors of s.
5
List the prime factors of -1*20/8*(-4)/10 - -41176.
41177
Let q(t) = -2*t + 2. Let f be q(12). Let j be ((-15)/10)/3 - f/4. Suppose -j*n - 129 = -8*n. List the prime factors of n.
43
Let f(c) = -21*c - 27. Let u(w) = -2*w**2 + 23*w - 6. Let z be u(11). Suppose -3*r - 2*r + 2 = -p, -5*r = z*p + 40. What are the prime factors of f(p)?
2, 3, 5
Let c(n) = -25*n**3 - 2*n**2 - 3*n - 2. Let y = -73 - -89. Suppose -4*b - y = 3*g, -2*b + 7*b + 1 = g. What are the prime factors of c(b)?
2, 3
Suppose 10 = -f - f, 3*b - 2*f = -2. List the prime factors of -72*(-6 - b/16).
2, 3, 23
Let x(z) = 208*z**2 + 73*z + 39. List the prime factors of x(-9).
2, 3, 5, 541
Let w(b) = b - 43. Let u be w(15). What are the prime factors of (-5 - 2961/u)*8?
2, 13, 31
Let r(y) = 2*y**3 + 41*y**2 + 21*y + 23. Let m be r(-20). Suppose -m*g + 392 = 5*g. What are the prime factors of g?
7
Suppose -2*n - 16*l + 135098 = -14*l, -5*n + 337785 = -5*l. What are the prime factors of n?
43, 1571
Let n be -8*3*(-4)/12. Suppose -n*a - 350 = -70. Let t = 88 - a. List the prime factors of